{"id":5027,"date":"2023-11-02T23:08:42","date_gmt":"2023-11-03T05:08:42","guid":{"rendered":"https:\/\/jaguar10.net\/?post_type=product&#038;p=5027"},"modified":"2023-11-02T23:15:36","modified_gmt":"2023-11-03T05:15:36","slug":"cloruro-de-etilo-manriquez-350gr","status":"publish","type":"product","link":"https:\/\/jaguar10.com\/index.php\/producto\/cloruro-de-etilo-manriquez-350gr\/","title":{"rendered":"Cloruro de Etilo Manriquez 350gr"},"content":{"rendered":"<p>Cloruro de Etilo es utilizado para disminuir el dolor de un golpe sufrido.<\/p>\n<p>Act\u00faa de manera instant\u00e1nea por lo que es el producto mas utilizado en los partidos para poder calmar dolores de lesi\u00f3n o de alg\u00fan golpe.<\/p>\n","protected":false},"excerpt":{"rendered":"<p>Cloruro de Etilo tama\u00f1o JUMBO<\/p>\n<p>350 gr<\/p>\n","protected":false},"featured_media":5029,"template":"","meta":{"_uag_custom_page_level_css":"","site-sidebar-layout":"default","site-content-layout":"","ast-site-content-layout":"default","site-content-style":"default","site-sidebar-style":"default","ast-global-header-display":"","ast-banner-title-visibility":"","ast-main-header-display":"","ast-hfb-above-header-display":"","ast-hfb-below-header-display":"","ast-hfb-mobile-header-display":"","site-post-title":"","ast-breadcrumbs-content":"","ast-featured-img":"","footer-sml-layout":"","theme-transparent-header-meta":"default","adv-header-id-meta":"","stick-header-meta":"","header-above-stick-meta":"","header-main-stick-meta":"","header-below-stick-meta":"","astra-migrate-meta-layouts":"set","ast-page-background-enabled":"default","ast-page-background-meta":{"desktop":{"background-color":"","background-image":"","background-repeat":"repeat","background-position":"center center","background-size":"auto","background-attachment":"scroll","background-type":"","background-media":"","overlay-type":"","overlay-color":"","overlay-opacity":"","overlay-gradient":""},"tablet":{"background-color":"","background-image":"","background-repeat":"repeat","background-position":"center center","background-size":"auto","background-attachment":"scroll","background-type":"","background-media":"","overlay-type":"","overlay-color":"","overlay-opacity":"","overlay-gradient":""},"mobile":{"background-color":"","background-image":"","background-repeat":"repeat","background-position":"center center","background-size":"auto","background-attachment":"scroll","background-type":"","background-media":"","overlay-type":"","overlay-color":"","overlay-opacity":"","overlay-gradient":""}},"ast-content-background-meta":{"desktop":{"background-color":"var(--ast-global-color-5)","background-image":"","background-repeat":"repeat","background-position":"center center","background-size":"auto","background-attachment":"scroll","background-type":"","background-media":"","overlay-type":"","overlay-color":"","overlay-opacity":"","overlay-gradient":""},"tablet":{"background-color":"var(--ast-global-color-5)","background-image":"","background-repeat":"repeat","background-position":"center center","background-size":"auto","background-attachment":"scroll","background-type":"","background-media":"","overlay-type":"","overlay-color":"","overlay-opacity":"","overlay-gradient":""},"mobile":{"background-color":"var(--ast-global-color-5)","background-image":"","background-repeat":"repeat","background-position":"center center","background-size":"auto","background-attachment":"scroll","background-type":"","background-media":"","overlay-type":"","overlay-color":"","overlay-opacity":"","overlay-gradient":""}},"_joinchat":[]},"product_brand":[],"product_cat":[69,110,101,98,104],"product_tag":[],"class_list":{"0":"post-5027","1":"product","2":"type-product","3":"status-publish","4":"has-post-thumbnail","6":"product_cat-accesorios","7":"product_cat-accesorio-fut","8":"product_cat-deportes","9":"product_cat-futbol","10":"product_cat-otros-deportes","11":"desktop-align-left","12":"tablet-align-left","13":"mobile-align-left","15":"first","16":"instock","17":"shipping-taxable","18":"purchasable","19":"product-type-simple"},"uagb_featured_image_src":{"full":["https:\/\/jaguar10.com\/wp-content\/uploads\/2023\/11\/Cloruro-800x880-1.jpg",800,880,false],"thumbnail":["https:\/\/jaguar10.com\/wp-content\/uploads\/2023\/11\/Cloruro-800x880-1-150x150.jpg",150,150,true],"medium":["https:\/\/jaguar10.com\/wp-content\/uploads\/2023\/11\/Cloruro-800x880-1-273x300.jpg",273,300,true],"medium_large":["https:\/\/jaguar10.com\/wp-content\/uploads\/2023\/11\/Cloruro-800x880-1-768x845.jpg",768,845,true],"large":["https:\/\/jaguar10.com\/wp-content\/uploads\/2023\/11\/Cloruro-800x880-1.jpg",800,880,false],"1536x1536":["https:\/\/jaguar10.com\/wp-content\/uploads\/2023\/11\/Cloruro-800x880-1.jpg",800,880,false],"2048x2048":["https:\/\/jaguar10.com\/wp-content\/uploads\/2023\/11\/Cloruro-800x880-1.jpg",800,880,false],"woocommerce_thumbnail":["https:\/\/jaguar10.com\/wp-content\/uploads\/2023\/11\/Cloruro-800x880-1-300x300.jpg",300,300,true],"woocommerce_single":["https:\/\/jaguar10.com\/wp-content\/uploads\/2023\/11\/Cloruro-800x880-1-600x660.jpg",600,660,true],"woocommerce_gallery_thumbnail":["https:\/\/jaguar10.com\/wp-content\/uploads\/2023\/11\/Cloruro-800x880-1-100x100.jpg",100,100,true]},"uagb_author_info":{"display_name":"ilderja110599","author_link":"https:\/\/jaguar10.com\/index.php\/author\/"},"uagb_comment_info":0,"uagb_excerpt":"Cloruro de Etilo tama\u00f1o JUMBO 350 gr","jetpack_sharing_enabled":true,"_links":{"self":[{"href":"https:\/\/jaguar10.com\/index.php\/wp-json\/wp\/v2\/product\/5027","targetHints":{"allow":["GET"]}}],"collection":[{"href":"https:\/\/jaguar10.com\/index.php\/wp-json\/wp\/v2\/product"}],"about":[{"href":"https:\/\/jaguar10.com\/index.php\/wp-json\/wp\/v2\/types\/product"}],"version-history":[{"count":2,"href":"https:\/\/jaguar10.com\/index.php\/wp-json\/wp\/v2\/product\/5027\/revisions"}],"predecessor-version":[{"id":5031,"href":"https:\/\/jaguar10.com\/index.php\/wp-json\/wp\/v2\/product\/5027\/revisions\/5031"}],"wp:featuredmedia":[{"embeddable":true,"href":"https:\/\/jaguar10.com\/index.php\/wp-json\/wp\/v2\/media\/5029"}],"wp:attachment":[{"href":"https:\/\/jaguar10.com\/index.php\/wp-json\/wp\/v2\/media?parent=5027"}],"wp:term":[{"taxonomy":"product_brand","embeddable":true,"href":"https:\/\/jaguar10.com\/index.php\/wp-json\/wp\/v2\/product_brand?post=5027"},{"taxonomy":"product_cat","embeddable":true,"href":"https:\/\/jaguar10.com\/index.php\/wp-json\/wp\/v2\/product_cat?post=5027"},{"taxonomy":"product_tag","embeddable":true,"href":"https:\/\/jaguar10.com\/index.php\/wp-json\/wp\/v2\/product_tag?post=5027"}],"curies":[{"name":"wp","href":"https:\/\/api.w.org\/{rel}","templated":true}]}}